the remainder when w is divided by (0 - -1) + 0 - (n - 14)?
17
Let v = -56 - -50. Calculate the remainder when 57/21 + 2/7 is divided by -5*v/(-20)*-2.
0
Let o(x) = x**3 + 29*x**2 - 36*x - 145. What is the remainder when o(-30) is divided by 19?
16
Let j(t) = -t**3 - 24*t**2 - 66*t + 417. Calculate the remainder when j(-21) is divided by 4.
0
Suppose g + 13 - 11 = 0. What is the remainder when 60 is divided by (-29)/(-1) - (0 + 6/g)?
28
Let u = 0 + 4. Suppose -u*g + 96 = -n, 0 = -g + 4*g + 5*n - 49. Suppose -6 = -2*y - 5*t, 0 = -2*t - 83 + 75. What is the remainder when g is divided by y?
10
Suppose 0 = -p + 4*n - 39, 27*n + 75 = -3*p + 25*n. Suppose 3*a - 5*g = -37, 0*a + 31 = -2*a - 3*g. Let u = a - p. What is the remainder when u is divided by 7?
6
Suppose -r = 3 - 6. Let b = -2824 - -4078. Let p = 1260 - b. Calculate the remainder when p is divided by r.
0
Suppose -5*f + 299 = r, 3*f + 2*r - 185 = -0*f. Calculate the remainder when 217 is divided by f.
40
Suppose -3*p - 3*k = -114, 2*p + p - 122 = k. Let r be ((-4)/12)/(2/(-18)). What is the remainder when 5 + -2 - 1/(r/(-342)) is divided by p?
37
Let s(c) be the third derivative of c**4/24 + 23*c**3/6 - 15*c**2 + c. What is the remainder when 67 is divided by s(-4)?
10
Suppose 0 = 5*d + 13*d - 1800. Calculate the remainder when 226 is divided by d.
26
Let m(d) = 34*d**2 - d - 1. Suppose 11*s = 6*s + 5. Let p be m(s). Let k = p - -119. Calculate the remainder when k is divided by 17.
15
Suppose -5*m = i - 18 - 96, -i - 47 = -2*m. Suppose 143 = m*k - 10*k. Calculate the remainder when k is divided by 9.
2
Let h = -62 + 74. Suppose -3*p - h = -2*r, 4*p - 20 = -p. Calculate the remainder when r is divided by 5.
2
Suppose 500 = 4*d - 0*d. Let v(w) = -105 + 27 - 15 - 123 + 9 - 38*w. Calculate the remainder when d is divided by v(-6).
20
Let t be (4/(-18)*3)/(4/(-6)). Calculate the remainder when 185 is divided by (t - -1)/6 - 1820/(-39).
44
Let r = 91 + -178. Let n = r + 87. What is the remainder when -1*(-46 + (-3 - n)) is divided by 26?
23
Let c = -8259 - -8931. Calculate the remainder when c is divided by 26.
22
Let k(j) = j**2 + 5*j - 9. Calculate the remainder when (-7)/(126/(-3432)) - (-6 + (-102)/(-18)) is divided by k(-11).
20
Let n = -56 - -58. What is the remainder when ((-10)/(-12)*-2)/((-5)/300) is divided by (3 + (-5)/n)*52?
22
Suppose -24*k + 19*k + 75 = 0. Let v = 11 + -9. Calculate the remainder when k is divided by v*(-18)/4*-1.
6
Suppose 13*k = 5*k + 40. Let o = 373 + -258. Suppose -5*p - 5*x = -p - 94, o = k*p + 5*x. What is the remainder when 144 is divided by p?
18
Let m(r) = -240*r - 330. What is the remainder when m(-7) is divided by 52?
50
What is the remainder when 1866 is divided by ((-9)/(-24))/(582/138128)?
86
Let r(x) = 14*x. What is the remainder when (80/(-10) + 0)*-10 is divided by r(1)?
10
Let t(y) = -y**3 + 33*y**2 - 2. Let m be t(33). Let u(s) = 6*s**2 - 2*s - 1. What is the remainder when 0/2 + (-161)/14*m is divided by u(-1)?
2
Let c(o) = -o**3 - 19*o**2 - 10*o + 31. What is the remainder when 254 is divided by c(-19)?
33
Let r(n) = -19*n - 657. Let a = -133 + 216. What is the remainder when r(-52) is divided by a?
82
Suppose 2*i - i - 4*p + 1 = 0, 4*p + 5 = 3*i. Suppose 3 + 9 = i*y. Calculate the remainder when (((-9)/(-6))/3)/(y/560) is divided by 19.
13
Suppose -5*x = -18*x + 10543. Calculate the remainder when x is divided by 116.
115
Let k(u) = 334*u - 300. What is the remainder when 341 is divided by k(1)?
1
Let r(l) = l - 6. Let a be r(9). Suppose a*d + u = 2*d + 2, 4*u + 16 = 0. Suppose -d*k = -3*k - 33. Calculate the remainder when 41 is divided by k.
8
Let l(i) = -i**3 + 32*i**2 - 26*i - 20. Let s(h) = -h**3 + 7*h**2 - h - 13. Let y be s(4). Calculate the remainder when l(y) is divided by 92/(-3)*3/(-2).
43
Calculate the remainder when 1346 is divided by 10197/407 + (-2)/37.
21
Suppose 10*d - 4*d + 17*d = 14605. Calculate the remainder when d is divided by 11.
8
Let p(a) = a**3 - 10*a**2 + 15*a + 32. Let l(o) = 8*o**3 - o + 1. Let j be l(1). What is the remainder when 59 is divided by p(j)?
11
Suppose 222*s = 221*s + 24. Suppose 2*r - 33 = 3*v - 387, -3 = r. Calculate the remainder when v is divided by s.
20
Let y = -18103 - -23763. Calculate the remainder when y is divided by 96.
92
Suppose -10*f + 13*f - u - 565 = 0, 5*f - 3*u = 935. Let j(h) = 2*h**3 + 13*h**2 + 13. What is the remainder when f is divided by j(-6)?
43
Suppose 753 + 812 = 9*h + 467. Calculate the remainder when 437 is divided by h.
71
Let v be 0 + (7 - -3) + 31. Suppose 45*u - 28 = v*u. Calculate the remainder when (-1742)/(-18) - (-2)/9 is divided by u.
6
Let j = -4762 - -4786. Calculate the remainder when 2013 is divided by j.
21
Suppose 8*z + z - 360 = 0. Let g = z - 6. Calculate the remainder when 126 is divided by g.
24
Let u(b) = -6*b**3 + 7*b**2 + 12*b - 2. What is the remainder when u(-4) is divided by 49?
5
Let v be ((-1)/(15/18))/(18/(-13830)). Suppose -v = -14*f - 124. Calculate the remainder when f is divided by 17.
6
Let k = 39 + -22. Let g = 5 + k. What is the remainder when 5/(-15)*2/(6/(-549)) is divided by g?
17
Suppose -9*o + 2*o - 6*o + 130 = 0. What is the remainder when 667 is divided by o?
7
Let n(w) = -w**3 - 10*w**2 - 10*w + 7. Let g be (-1 - 4) + 140/2. Let l = 108 - g. What is the remainder when l is divided by n(-9)?
11
Suppose -8*j = -11 - 25 - 4. What is the remainder when 41 is divided by j?
1
Let i = 831 + -785. What is the remainder when 59 is divided by i?
13
What is the remainder when 2415 is divided by 2/9 - (-16066)/522?
28
Let h = -65 + 107. Suppose 278*m = 311*m - 9669. Calculate the remainder when m is divided by h.
41
What is the remainder when (-334)/(-6) + 14/(-21) is divided by (-15)/((-25)/(-4)*20/(-1050)*7)?
1
Let o(z) = 9*z + 7. Suppose 0 = -739*t + 811 + 3623. What is the remainder when o(5) is divided by t?
4
Let s(x) = -3*x**3 - 7*x**2 - 5*x - 4. What is the remainder when 891 is divided by s(-5)?
7
Let d = 9350 + -9252. Calculate the remainder when 521 is divided by d.
31
Suppose l = 5*i + 2*l + 320, 4*i + 242 = 2*l. Let g = 35 + i. Let m = 38 + g. Calculate the remainder when m is divided by 3.
1
Let j be 20/12*(-18)/(-10). What is the remainder when 47 is divided by (-52 - -1)/(-6 + (j - 0))?
13
Let w = 2995 - 2564. Calculate the remainder when w is divided by 87.
83
Let o(u) = 7*u**2 + 0*u - 5 - u**2 + 5*u - u**2. Let g be o(-8). Suppose -71*b + g = -66*b. Calculate the remainder when b is divided by 19.
17
Suppose 5*d = q - 37, -q + 2*q + 4*d = -8. Suppose 7*u = -u + 568. What is the remainder when u is divided by q?
11
Let c(w) = -11*w + 17. Let l be c(5). Let u = l + 44. Let i(h) = 6*h - 14. What is the remainder when 43 is divided by i(u)?
21
Let h(y) = 32*y + 8. What is the remainder when 368 is divided by h(2)?
8
Suppose -2*k - 4*w + 394 = 0, 4*k - 3*w - 318 = 514. What is the remainder when k is divided by 23?
21
Let x(f) = -6*f**3 - 7*f**2 - 21. Calculate the remainder when x(-5) is divided by 86.
38
Suppose -2*u - 2*h = -516, 2 = 4*h - 2. Let a = -32964 + 33031. What is the remainder when u is divided by a?
56
Suppose m - 18 = 102. Suppose -111*k - 549 = -m*k. Calculate the remainder when k is divided by 33.
28
Let x be 50*5*18/45. Suppose x = 25*m - 5*m. Suppose 62 = 4*w - 46. What is the remainder when w is divided by m?
2
Suppose 0 = -4*g + 4*u + 168, g + 0*g - 66 = -5*u. Let m = 90 - 63. Let l = 37 - m. What is the remainder when g is divided by l?
6
Calculate the remainder when 4/(-14) + (-92616)/(-119) is divided by 78.
76
Suppose 0 = -o + 2*o - 59. Let d = 75 - o. Suppose -5*a + 30 = -4*b, 2*b = -2*a + 5*b + 12. What is the remainder when d is divided by a?
4
Let x = 172 - 172. Calculate the remainder when 3 is divided by (1 - x)*((-60)/(-10) + -3).
0
Suppose -8*s + 3753 = 5*h - 6*s, -3*h - 3*s + 2250 = 0. What is the remainder when h is divided by 9?
4
What is the remainder when (795/(-12))/(11 - (-90)/(-8)) is divided by 74?
43
Let b(y) = 42*y**2 - 379*y + 17. Suppose 3*d - c + 4 - 11 = 0, 3*c + 7 = 2*d. Calculate the remainder when b(9) is divided by d.
0
Let h = -3202 - -3276. What is the remainder when 165 is divided by h?
17
Let q = 9128 + -6740. Calculate the remainder when q is divided by 343.
330
L